ided by 276.
18
Calculate the remainder when 12481 is divided by 1257.
1168
What is the remainder when 860169 is divided by 26?
11
Calculate the remainder when 656768 is divided by 59705.
13
Calculate the remainder when 10212 is divided by 99.
15
Calculate the remainder when 240767 is divided by 96.
95
Calculate the remainder when 192 is divided by 90.
12
Calculate the remainder when 8120 is divided by 63.
56
What is the remainder when 2357 is divided by 308?
201
What is the remainder when 17349 is divided by 267?
261
Calculate the remainder when 44176 is divided by 222.
220
What is the remainder when 6571 is divided by 680?
451
Calculate the remainder when 521 is divided by 416.
105
What is the remainder when 18719 is divided by 175?
169
Calculate the remainder when 1160 is divided by 235.
220
What is the remainder when 52046 is divided by 84?
50
Calculate the remainder when 6897 is divided by 31.
15
What is the remainder when 5284 is divided by 1149?
688
What is the remainder when 15707336 is divided by 219?
218
What is the remainder when 143713 is divided by 62?
59
Calculate the remainder when 6024 is divided by 1002.
12
What is the remainder when 332087 is divided by 166035?
17
Calculate the remainder when 1584465 is divided by 112.
1
Calculate the remainder when 2470 is divided by 37.
28
Calculate the remainder when 60148 is divided by 50.
48
What is the remainder when 4966 is divided by 1557?
295
What is the remainder when 1729 is divided by 97?
80
Calculate the remainder when 59235 is divided by 251.
250
What is the remainder when 57520 is divided by 73?
69
What is the remainder when 1069 is divided by 46?
11
Calculate the remainder when 221131 is divided by 271.
266
Calculate the remainder when 70976 is divided by 33.
26
What is the remainder when 173966 is divided by 93?
56
What is the remainder when 5710 is divided by 29?
26
Calculate the remainder when 2925 is divided by 2778.
147
Calculate the remainder when 14225 is divided by 315.
50
What is the remainder when 4174 is divided by 20?
14
Calculate the remainder when 39803 is divided by 321.
320
Calculate the remainder when 23679 is divided by 1697.
1618
Calculate the remainder when 86392 is divided by 70.
12
Calculate the remainder when 97635 is divided by 682.
109
What is the remainder when 10294 is divided by 3421?
31
What is the remainder when 360225 is divided by 17?
12
Calculate the remainder when 126583 is divided by 379.
376
What is the remainder when 3012 is divided by 602?
2
Calculate the remainder when 20600 is divided by 420.
20
Calculate the remainder when 87986 is divided by 29323.
17
What is the remainder when 1097 is divided by 1085?
12
What is the remainder when 37816 is divided by 33?
31
Calculate the remainder when 4535 is divided by 21.
20
Calculate the remainder when 1021677 is divided by 10.
7
Calculate the remainder when 21660 is divided by 67.
19
What is the remainder when 6465 is divided by 46?
25
Calculate the remainder when 2492532 is divided by 737.
735
Calculate the remainder when 32406 is divided by 4.
2
What is the remainder when 3209 is divided by 1564?
81
Calculate the remainder when 16205 is divided by 1502.
1185
What is the remainder when 761 is divided by 663?
98
Calculate the remainder when 371662 is divided by 92.
74
Calculate the remainder when 642217 is divided by 214068.
13
What is the remainder when 57698 is divided by 354?
350
What is the remainder when 549 is divided by 500?
49
Calculate the remainder when 15133 is divided by 5038.
19
Calculate the remainder when 2189 is divided by 57.
23
What is the remainder when 3790 is divided by 1503?
784
What is the remainder when 34668 is divided by 431?
188
Calculate the remainder when 179539 is divided by 42.
31
What is the remainder when 3713 is divided by 268?
229
What is the remainder when 5714 is divided by 1902?
8
Calculate the remainder when 1363 is divided by 60.
43
Calculate the remainder when 10810 is divided by 3598.
16
What is the remainder when 31326 is divided by 2236?
22
What is the remainder when 11927 is divided by 254?
243
What is the remainder when 235874 is divided by 25?
24
Calculate the remainder when 31493 is divided by 174.
173
What is the remainder when 2686 is divided by 9?
4
What is the remainder when 18273 is divided by 90?
3
What is the remainder when 24963 is divided by 23?
8
What is the remainder when 2304 is divided by 230?
4
What is the remainder when 27962 is divided by 5571?
107
What is the remainder when 1057719 is divided by 8?
7
Calculate the remainder when 299 is divided by 181.
118
What is the remainder when 3265 is divided by 481?
379
What is the remainder when 24627 is divided by 379?
371
Calculate the remainder when 5249467 is divided by 196.
195
Calculate the remainder when 4614 is divided by 289.
279
Calculate the remainder when 59435 is divided by 31.
8
What is the remainder when 8650 is divided by 209?
81
Calculate the remainder when 6318 is divided by 486.
0
Calculate the remainder when 242584 is divided by 3032.
24
What is the remainder when 1022704 is divided by 170449?
10
Calculate the remainder when 443836 is divided by 157.
154
What is the remainder when 15190 is divided by 310?
0
Calculate the remainder when 11873 is divided by 219.
47
Calculate the remainder when 12016 is divided by 91.
4
Calculate the remainder when 13092 is divided by 67.
27
What is the remainder when 7450 is divided by 7435?
15
What is the remainder when 117998 is divided by 21?
20
Calculate the remainder when 340 is divided by 23.
18
What is the remainder when 10875 is divided by 2687?
127
What is the remainder when 9212 is divided by 478?
130
What is the remainder when 30995 is divided by 6189?
50
Calculate the remainder when 748067 is divided by 12.
11
What is the remainder when 128901 is divided by 464?
373
Calculate the remainder when 16582 is divided by 2756.
46
Calculate the remainder when 3756 is divided by 3658.
98
What is the remainder when 57082 is divided by 245?
242
Calculate the remainder when 2958 is divided by 286.
98
Calculate the remainder when 7671 is divided by 208.
183
What is the remainder when 2685869 is divided by 18?
17
What is the remainder when 12650 is divided by 422?
412
Calculate the remainder when 3251 is divided by 632.
91
Calculate the remainder when 1636 is divided by 473.
217
What is the remainder when 8511031 is divided by 17?
15
What is the remainder when 1397 is divided by 452?
41
Calculate the remainder when 99152 is divided by 207.
206
What is the remainder when 2228 is divided by 726?
50
What is the remainder when 394 is divided by 96?
10
What is the remainder when 31169 is divided by 17?
8
What is the remainder when 3618 is divided by 43?
6
What is the remainder when 14811 is divided by 3701?
7
Calculate the remainder when 92547 is divided by 48.
3
What is the remainder when 49543 is divided by 19?
10
Calculate the remainder when 8328 is divided by 35.
33
What is the remainder when 12938 is divided by 4312?
2
Calculate the remainder when 25009 is divided by 4994.
39
What is the remainder when 2192 is divided by 168?
8
What is the remainder when 21339 is divided by 27?
9
What is the remainder when 21539 is divided by 184?
11
Calculate the remainder when 113800 is divided by 59.
48
What is the remainder when 1892 is divided by 24?
20
What is the remainder when 7494183 is divided by 1315?
1313
Calculate the remainder when 81509 is divided by 23.
20
Calculate the remainder when 2951 is divided by 45.
26
Calculate the remainder when 3739 is divided by 1217.
88
Calculate the remainder when 54589 is divided by 52.
41
Calculate the remainder when 392533 is divided by 41.
40
Calculate the remainder when 519 is divided by 510.
9
What is the remainder when 30083 is divided by 2148?
11
What is the remainder when 27326 is divided by 719?
4
Calculate the remainder when 1280019 is divided by 574.
573
What is the remainder when 397823 is divided by 923?
10
Calculate the remainder when 146 is divided by 9.
2
What is the remainder when 1391 is divided by 1346?
45
What is the remainder when 9528 is divided by 4759?
10
What is the remainder when 337354 is divided by 36?
34
Calculate the remainder when 251918 is divided by 73.
68
What is the remaind